site number?
True
Suppose 5*y - 4*z - 14 = 0, 1 = y + y + 3*z. Suppose 14 + 2 = y*g. Is 382/(5*g/20) prime?
True
Let j(m) = 14 + 2 + 8*m - 64*m**2 + 75*m**2. Is j(9) prime?
False
Let f = 450 - 249. Let r be (232/6)/(2/(-6)). Let h = f + r. Is h a composite number?
True
Let b(h) be the second derivative of 65*h**3/6 + 3*h**2 - 14*h. Is b(5) a composite number?
False
Suppose 30*t = 26*t + 8716. Is t a prime number?
True
Suppose -7*k = 2*k - 27243. Suppose -3315 = -6*i + k. Is i prime?
False
Let c = 21204 - 11322. Is (7 + -4 + (1 - c))/(-2) prime?
False
Let k = -116 + 5043. Is k prime?
False
Let c(m) = -30*m + 7. Let h be c(-6). Suppose 0 = 3*z - 776 - h. Is z composite?
True
Suppose 5*n + 5 = 0, -n - 2*n - 1059 = -4*c. Let j = c + 527. Is j composite?
True
Let j be 55/1 - (-2)/(-1). Suppose -5*r + j = -1577. Suppose 121 = 3*h - r. Is h a prime number?
True
Let f = -9 + -3. Let o(q) = -2*q**3 - 8*q**2 - 2*q + 10. Let v be o(-7). Is ((-4)/2)/(f/v) a composite number?
False
Suppose 5*w + 130986 = 14*w. Suppose -w = -4*i - 2958. Is i composite?
True
Suppose -4*u - 6*u = -1290. Let v = -50 + u. Is v a prime number?
True
Let b(k) = -1910 + 17*k + 1903 + 46*k. Is b(8) a prime number?
False
Let z(f) = 1361*f**2 + f - 1. Let r be z(1). Let u(v) = 53*v - 2. Let w be u(4). Let c = r - w. Is c a prime number?
True
Suppose -24*m + 167394 + 12054 = 0. Is m a prime number?
True
Let x = 1470 - -707. Let f = x - 1342. Is f prime?
False
Let c(j) be the third derivative of -j**6/120 + j**3/3 + 10*j**2. Let d be c(0). Suppose -d*v - 2*r + 141 = -51, 2*v + 3*r - 197 = 0. Is v prime?
False
Suppose 4*p = -0*m - 5*m + 7740, 3*p = -m + 5816. Let d = 9 - 4. Suppose q = d*q - p. Is q a composite number?
True
Suppose -4*t - 157 = 35. Let h = t + 85. Is h a prime number?
True
Let d = -1086 - -2769. Suppose l + 4*b + 753 = 0, 0 = -2*l + b + 159 - d. Let p = -538 - l. Is p prime?
True
Suppose -8*f + 7*f - 2 = 0. Let d be 3006/(-15) + f/(-5). Let n = 1369 + d. Is n a composite number?
True
Let m(b) = -2*b - 2. Let g be m(-6). Let a be ((-60)/(-50))/(4/g). Suppose 233 + 202 = a*q. Is q a composite number?
True
Suppose -10*x = -9000 + 1730. Let d = x + -345. Is d a composite number?
True
Let b(h) = 4*h - 59. Let l be b(17). Suppose -l*s + 6*s + 951 = 0. Is s prime?
True
Let j(h) = h + 6. Let a be j(1). Let l(v) = 6*v**2 + 27*v - 5. Let s(x) = -3*x**2 - 14*x + 2. Let w(q) = 4*l(q) + 7*s(q). Is w(a) a prime number?
True
Suppose 4*c + t - 32786 = 0, 2*c + 4*t - 18022 = -1636. Is c composite?
True
Let m(x) = -x**3 - 15*x**2 - 16*x - 33. Let g be m(-14). Let k(z) = 15*z**2 - 8*z - 6. Is k(g) a composite number?
False
Let i = -10192 - -50535. Is i composite?
False
Is (134 + -1)/(16 - 15) + -6 a composite number?
False
Let g(q) be the second derivative of 49*q**4/4 + q**3/3 + 3*q**2/2 + 11*q. Is g(-2) a composite number?
False
Suppose 0 = -0*m + m - 5. Suppose 9930 = 5*z - m*n, -3*n + 916 + 5012 = 3*z. Is z a prime number?
False
Let t be (-4)/(-10) + (-937)/5. Let k = 88 + -157. Let z = k - t. Is z composite?
True
Let t(v) = -v + 1. Let z = -14 - -17. Suppose 3*o = -3, -2*j = -z*j - 5*o - 6. Is t(j) a composite number?
False
Suppose -8*v - 1304 = -6*v. Let w = -461 - v. Is w a composite number?
False
Let k be (10 - 10)/((1 - 0)*1). Is (-6)/(-5 - -2) + k + 1967 a prime number?
False
Let d be 4*3*(-3)/(-18). Let h = 25 + -28. Is d + -2 + 146 + h composite?
True
Let y(v) be the first derivative of 25*v**3/3 - v + 7. Is y(-6) composite?
True
Suppose -10*c = -83790 - 877580. Is c composite?
False
Let n = -148 - -230. Suppose 696 = 2*v + n. Is v composite?
False
Let j = 8946 - -925. Is j a prime number?
True
Let s = -127 + 123. Suppose -2*k = 5*z + 2863, 0*k - 3 = -3*k. Is z/(-2)*s/(-6) a composite number?
False
Let n(j) = -10*j**3 + 2*j**2 + 25*j + 24. Is n(-9) a composite number?
True
Let a(t) = -t**3 - 6*t**2 - 5*t + 5. Suppose f = 4*f + 15. Let c be a(f). Suppose z + 1786 = c*z + 2*w, 4*z + 5*w = 1771. Is z composite?
False
Is (8 - 25/3)/((-3)/79227) a prime number?
True
Suppose 4*q = -q - 25. Is (-1347)/30*q*(1 + 1) prime?
True
Suppose -3*v + 312 = -8*v - 2*u, -3*v - 189 = 3*u. Let l = v - -267. Let o = -42 + l. Is o composite?
False
Is 425685/296 - (-3)/72*-3 a prime number?
False
Let p(o) = 4749*o**2 - 4*o + 4. Is p(1) composite?
True
Suppose 0 = 2*q - 2*c + 4, 0 = 4*q - c - 6 + 2. Let h be (q/4)/(9/126). Is 3/h + 3100/35 a prime number?
True
Suppose 0 = 132*v + 1040264 - 4265420. Is v composite?
True
Suppose 5 = -z, -3*r + 9*z = 12*z - 113478. Is r a prime number?
True
Let o = -34 - -38. Suppose 1776 = o*v + 4*a - 960, 0 = -3*v + 5*a + 2060. Is v a composite number?
True
Suppose x + 9*p - 8*p = 10901, -2*x + p = -21808. Is x prime?
True
Let o(i) = 226*i + 1. Let c be o(5). Suppose 12*d - c = 9*d. Is d composite?
True
Suppose 3*n = -3*f + 6, -f - 2*n = 3*f - 8. Suppose -6*k + 12488 = f*k. Is k prime?
False
Let u = -4522 - -8423. Is u composite?
True
Suppose -4*h + 86 = -58. Let n = h + -26. Is n a composite number?
True
Let r be 135/(-2)*(-10)/5. Suppose -3*w - 3*i + 0*i = r, 4*w - 5*i = -216. Let x = -27 - w. Is x prime?
False
Suppose 4*s = -5*j + 46 + 89, 4*j + 4*s = 112. Let x = j + -18. Suppose 0 = -x*m + 4*k - 0*k + 4091, 2*m - 1638 = 2*k. Is m composite?
True
Suppose 6*m + 6 = 8*m. Suppose m*y + 0*y - 4173 = 0. Is y a composite number?
True
Suppose p - 2 + 1 = 0. Is (-4335)/(-3) - p*4 a prime number?
False
Is (491*2/(-2))/(-1) a prime number?
True
Suppose -53 - 7 = 5*f. Let h = 14 + f. Suppose 0 = -2*v - h*v + 24. Is v prime?
False
Suppose 0*t - t + 2028 = -d, -2*t - d = -4068. Let g = t - 862. Let r = -757 + g. Is r composite?
True
Let t be 33/(-2)*(-15 - 3). Suppose 792 = 3*w + t. Suppose 2*f + f - w = 0. Is f composite?
True
Let h = -30 - -34. Suppose -h*b + 52 = 2*k, 0 = -0*b - 2*b + 2*k + 26. Suppose -6*d = -b*d + 2933. Is d a composite number?
False
Let g = -162 + 272. Let i = g + -172. Let z = 129 + i. Is z prime?
True
Suppose p - 373 - 310 = 4*t, -2*p + 1393 = t. Is p prime?
False
Suppose 4*p - d = 67, -20 = -2*p + 3*d - 7*d. Let x(l) = 26*l + 30. Is x(p) a prime number?
False
Suppose 42*w = 322750 + 306536. Is w composite?
False
Let y(u) = -u**2 + u + 436. Let j(n) = 2*n + 6. Let q be j(-3). Let p be y(q). Suppose 2*i - p = -2*i. Is i prime?
True
Let f = 609 + 1625. Is f prime?
False
Suppose 18*y - 24*y + 1422 = 0. Is y prime?
False
Suppose 0 = 11*y - 2100 - 85823. Is y a composite number?
False
Suppose -4*p - 1746 = -4*y + 2622, 3*y - 3297 = -4*p. Suppose 0*l + l - y = -3*d, 5*l = 3*d + 5529. Let w = l + -661. Is w a prime number?
True
Suppose -2*l + 24252 = 2354. Is l a composite number?
False
Is (6 - 0/3) + 4897 prime?
True
Let i = -34255 - -147774. Is i a composite number?
True
Suppose -12*l = -7*l + 4*y - 75, -5*y = 5*l - 75. Is l a prime number?
False
Let d = -604 + 1017. Is d a composite number?
True
Let m be 2/(-4) + (-16365)/(-6). Let r = m + -1640. Suppose r = 2*q + 225. Is q a composite number?
False
Suppose -2*w = -2*u - 2, u + 0 = 4*w - 1. Suppose w = 4*k + 5*n - 1213, -2*k + 617 = -2*n + n. Is k prime?
True
Is 2/6*9/6*30802 composite?
False
Is (1*-4327)/(6 - (-8 - -15)) prime?
True
Let r(w) = 2*w**2 + 9. Let h = -34 - -23. Let u = -21 - h. Is r(u) composite?
True
Let f(o) = -o - 2. Let p be f(4). Let u be 7 - p*2/4. Let g(z) = -z**2 + 18*z + 9. Is g(u) prime?
True
Let v(x) = 4*x**3 + 2*x**2 + 3*x - 1. Is v(6) composite?
False
Let h be ((-584)/6)/(3/(-9)). Suppose -y = -67 - h. Is y a prime number?
True
Suppose b - 8*b = 4*b. Is ((-38224)/8)/(b + -1) composite?
True
Suppose -9*v - 16*v + 63325 = 0. Is v prime?
False
Let c(i) = 2058*i**2 - 2*i - 1. Is c(-1) a prime number?
False
Suppose -j + 198 = -100. Let r = -199 + 640. Let z = r - j. Is z prime?
False
Let q(w) = w**3 - 2*w**2 + 2*w - 2. Let n be q(3). Let c(y) = y**3 - 13*y**2 + 4*y + 51. Is c(n) a prime number?
True
Let a = -18 - -101. Suppose 0 = -x - 0*x + a. Is x composite?
False
Let k(a) = 89*a - 11. Let m be k(-6). Let s = 1251 + m. Is s a prime number?
False
Is (7195/10)/((-4)/(-8)) a composite number?
False
Suppose -d + 5*b = 11, 2*b = -0 + 6. Suppose d*m - 764 = -0*m. Is m composite?
False
Let v(k) = 870*k**2 - 12*k - 35. Is v(-3) a prime number?
False
Let u = 36 + -1. Suppose 0 = -2*y - u 